{"id":356,"date":"2023-10-02T11:20:31","date_gmt":"2023-10-02T09:20:31","guid":{"rendered":"https:\/\/www.szentistvanajka.hu\/iskola\/?page_id=356"},"modified":"2023-10-02T11:36:15","modified_gmt":"2023-10-02T09:36:15","slug":"okoiskola","status":"publish","type":"page","link":"https:\/\/www.szentistvanajka.hu\/iskola\/okoldal\/okoiskola\/","title":{"rendered":"\u00d6koiskola"},"content":{"rendered":"<p>[et_pb_section fb_built=&#8221;1&#8243; fullwidth=&#8221;on&#8221; admin_label=&#8221;Header Section&#8221; _builder_version=&#8221;4.22.2&#8243; background_image=&#8221;https:\/\/www.szentistvanajka.hu\/iskola\/wp-content\/uploads\/sites\/2\/2023\/09\/suli-banner-4-scaled.jpg&#8221; top_divider_style=&#8221;clouds2&#8243; top_divider_color=&#8221;rgba(255,255,255,0.3)&#8221; top_divider_height=&#8221;100%&#8221; bottom_divider_height=&#8221;30px&#8221; global_colors_info=&#8221;{}&#8221;][et_pb_fullwidth_header title=&#8221;\u00d6koiskola&#8221; text_orientation=&#8221;center&#8221; _builder_version=&#8221;4.22.2&#8243; title_level=&#8221;h2&#8243; title_font=&#8221;Rubik|700||on|||||&#8221; title_text_color=&#8221;gcid-3e5434d2-d04b-4c23-ad4b-c99b69dfdd61&#8243; title_font_size=&#8221;50px&#8221; title_letter_spacing=&#8221;5px&#8221; title_line_height=&#8221;2em&#8221; content_font=&#8221;Rubik||||||||&#8221; content_font_size=&#8221;18px&#8221; content_line_height=&#8221;2em&#8221; subhead_font=&#8221;Rubik|700|||||||&#8221; subhead_text_color=&#8221;rgba(0,0,0,0.8)&#8221; subhead_font_size=&#8221;50px&#8221; subhead_line_height=&#8221;1.4em&#8221; background_color=&#8221;rgba(255,255,255,0)&#8221; use_background_color_gradient=&#8221;on&#8221; background_color_gradient_stops=&#8221;rgba(255,255,255,0.7) 0%|#ffffff 100%&#8221; background_color_gradient_start=&#8221;rgba(255,255,255,0.7)&#8221; background_color_gradient_end=&#8221;#ffffff&#8221; background_size=&#8221;contain&#8221; background_position=&#8221;bottom_center&#8221; custom_button_one=&#8221;on&#8221; button_one_text_size=&#8221;16px&#8221; button_one_text_color=&#8221;#ffffff&#8221; button_one_bg_color=&#8221;#ff7355&#8243; button_one_border_width=&#8221;15px&#8221; button_one_border_color=&#8221;rgba(210,159,104,0)&#8221; button_one_border_radius=&#8221;100px&#8221; button_one_letter_spacing=&#8221;0px&#8221; button_one_font=&#8221;Rubik|700|||||||&#8221; button_one_use_icon=&#8221;off&#8221; custom_button_two=&#8221;on&#8221; button_two_text_size=&#8221;16px&#8221; button_two_text_color=&#8221;#ffffff&#8221; button_two_bg_color=&#8221;rgba(0,0,0,0.6)&#8221; button_two_border_width=&#8221;15px&#8221; button_two_border_color=&#8221;rgba(210,159,104,0)&#8221; button_two_border_radius=&#8221;100px&#8221; button_two_letter_spacing=&#8221;0px&#8221; button_two_font=&#8221;Rubik|700|||||||&#8221; button_two_use_icon=&#8221;off&#8221; background_layout=&#8221;light&#8221; custom_margin=&#8221;|||&#8221; custom_padding=&#8221;8vw||4vw|&#8221; animation_style=&#8221;slide&#8221; animation_direction=&#8221;bottom&#8221; animation_intensity_slide=&#8221;1%&#8221; subhead_font_size_tablet=&#8221;&#8221; subhead_font_size_phone=&#8221;30px&#8221; subhead_font_size_last_edited=&#8221;on|phone&#8221; button_one_border_radius_hover=&#8221;100px&#8221; button_two_border_radius_hover=&#8221;100px&#8221; button_one_bg_color_hover=&#8221;#ff8a70&#8243; button_two_bg_color_hover=&#8221;#ff8a70&#8243; global_colors_info=&#8221;{%22gcid-3e5434d2-d04b-4c23-ad4b-c99b69dfdd61%22:%91%22title_text_color%22%93}&#8221; button_one_text_size__hover_enabled=&#8221;off&#8221; button_two_text_size__hover_enabled=&#8221;off&#8221; button_one_text_color__hover_enabled=&#8221;off&#8221; button_two_text_color__hover_enabled=&#8221;off&#8221; button_one_border_width__hover_enabled=&#8221;off&#8221; button_two_border_width__hover_enabled=&#8221;off&#8221; button_one_border_color__hover_enabled=&#8221;off&#8221; button_two_border_color__hover_enabled=&#8221;off&#8221; button_one_border_radius__hover_enabled=&#8221;on&#8221; button_one_border_radius__hover=&#8221;100px&#8221; button_two_border_radius__hover_enabled=&#8221;on&#8221; button_two_border_radius__hover=&#8221;100px&#8221; button_one_letter_spacing__hover_enabled=&#8221;off&#8221; button_two_letter_spacing__hover_enabled=&#8221;off&#8221; button_one_bg_color__hover_enabled=&#8221;on&#8221; button_one_bg_color__hover=&#8221;#ff8a70&#8243; button_two_bg_color__hover_enabled=&#8221;on&#8221; button_two_bg_color__hover=&#8221;#ff8a70&#8243;][\/et_pb_fullwidth_header][\/et_pb_section][et_pb_section fb_built=&#8221;1&#8243; theme_builder_area=&#8221;post_content&#8221; specialty=&#8221;on&#8221; _builder_version=&#8221;4.22.2&#8243; _module_preset=&#8221;default&#8221;][et_pb_column type=&#8221;1_2&#8243; specialty_columns=&#8221;2&#8243; theme_builder_area=&#8221;post_content&#8221;][et_pb_row_inner _builder_version=&#8221;4.22.2&#8243; _module_preset=&#8221;default&#8221; theme_builder_area=&#8221;post_content&#8221;][et_pb_column_inner saved_specialty_column_type=&#8221;1_2&#8243; _builder_version=&#8221;4.22.2&#8243; _module_preset=&#8221;default&#8221; theme_builder_area=&#8221;post_content&#8221;][et_pb_text _builder_version=&#8221;4.22.2&#8243; _module_preset=&#8221;default&#8221; hover_enabled=&#8221;0&#8243; global_colors_info=&#8221;{}&#8221; theme_builder_area=&#8221;post_content&#8221; sticky_enabled=&#8221;0&#8243;]<\/p>\n<p style=\"line-height: 18.0pt; background: white; margin: 0cm 0cm 18.0pt 0cm;\"><span style=\"font-family: 'Arial',sans-serif; color: #4a474b;\">Iskol\u00e1nk els\u0151 alkalommal ny\u00fajtott be p\u00e1ly\u00e1zatot a Bel\u00fcgyminiszt\u00e9rium \u00e1ltal meghirdetett \u00d6koiskola c\u00edm elnyer\u00e9s\u00e9re.<o:p><\/o:p><\/span><\/p>\n<p style=\"line-height: 18.0pt; background: white; margin: 0cm 0cm 18.0pt 0cm;\"><span style=\"font-family: 'Arial',sans-serif; color: #4a474b;\">A p\u00e1ly\u00e1zat c\u00e9lja azon int\u00e9zm\u00e9nyek elismer\u00e9se \u00d6koiskola c\u00edmmel, melyek eg\u00e9szint\u00e9zm\u00e9nyes m\u00f3don foglalkoznak a fenntarthat\u00f3s\u00e1ggal. A beny\u00fajtott p\u00e1ly\u00e1zatokat a BM K\u00f6znevel\u00e9si Tartalomfejleszt\u00e9si F\u0151oszt\u00e1lya \u00e9s az \u00d6koiskola \u00c9rt\u00e9kel\u0151 Bizotts\u00e1g \u00e9rt\u00e9keli, \u00e9s tesz javaslatot a c\u00edm oda\u00edt\u00e9l\u00e9s\u00e9r\u0151l. A javaslatok alapj\u00e1n a k\u00f6znevel\u00e9si \u00e1llamtitk\u00e1r d\u00f6nt a c\u00edmekr\u0151l.<o:p><\/o:p><\/span><\/p>\n<p style=\"line-height: 18.0pt; background: white; margin: 0cm 0cm 18.0pt 0cm;\"><span style=\"font-family: 'Arial',sans-serif; color: #4a474b;\">Iskol\u00e1nk m\u00e1jusban \u00e9rtes\u00fclt a j\u00f3 h\u00edrr\u0151l: mi is a nyertes p\u00e1ly\u00e1z\u00f3k k\u00f6z\u00e9 tartozunk, \u00edgy szeptember 1-j\u00e9t\u0151l jogosultak vagyunk az \u00d6koiskola c\u00edm alkalmaz\u00e1s\u00e1ra, log\u00f3 haszn\u00e1lat\u00e1ra, illetve a Magyarorsz\u00e1gi \u00d6koiskola H\u00e1l\u00f3zat tagj\u00e1v\u00e1 v\u00e1ltunk.<o:p><\/o:p><\/span><\/p>\n<p style=\"line-height: 18.0pt; background: white; margin: 0cm 0cm 18.0pt 0cm;\"><span style=\"font-family: 'Arial',sans-serif; color: #4a474b;\">Az \u00fcnnep\u00e9lyes c\u00edm\u00e1tad\u00f3 az ELTE L\u00e1gym\u00e1nyosi Campus\u00e1n ker\u00fclt megrendez\u00e9sre<o:p><\/o:p><\/span><\/p>\n<p style=\"line-height: 18.0pt; background: white; margin: 0cm 0cm 18.0pt 0cm;\"><span style=\"font-family: 'Arial',sans-serif; color: #4a474b;\">Az oklevelet Rieder Andr\u00e1s igazgat\u00f3 \u00e9s Riedern\u00e9 Fenyvesi Bernadett, a p\u00e1ly\u00e1zat \u00edr\u00f3ja vette \u00e1t 2023. j\u00fanius 9-\u00e9n.<o:p><\/o:p><\/span><\/p>\n<p>[\/et_pb_text][\/et_pb_column_inner][\/et_pb_row_inner][\/et_pb_column][et_pb_column type=&#8221;1_4&#8243; theme_builder_area=&#8221;post_content&#8221;][et_pb_image src=&#8221;https:\/\/www.szentistvanajka.hu\/iskola\/wp-content\/uploads\/sites\/2\/2023\/10\/okoiskola_logo.png&#8221; title_text=&#8221;okoiskola_logo&#8221; _builder_version=&#8221;4.22.2&#8243; _module_preset=&#8221;default&#8221; hover_enabled=&#8221;0&#8243; global_colors_info=&#8221;{}&#8221; theme_builder_area=&#8221;post_content&#8221; sticky_enabled=&#8221;0&#8243;][\/et_pb_image][et_pb_image src=&#8221;https:\/\/www.szentistvanajka.hu\/iskola\/wp-content\/uploads\/sites\/2\/2023\/10\/okoiskola1.jpg&#8221; title_text=&#8221;\u00f6koiskola1&#8243; _builder_version=&#8221;4.22.2&#8243; _module_preset=&#8221;default&#8221; hover_enabled=&#8221;0&#8243; global_colors_info=&#8221;{}&#8221; theme_builder_area=&#8221;post_content&#8221; sticky_enabled=&#8221;0&#8243;][\/et_pb_image][et_pb_image src=&#8221;https:\/\/www.szentistvanajka.hu\/iskola\/wp-content\/uploads\/sites\/2\/2023\/10\/okoiskola4.jpg&#8221; title_text=&#8221;\u00f6koiskola4&#8243; _builder_version=&#8221;4.22.2&#8243; _module_preset=&#8221;default&#8221; hover_enabled=&#8221;0&#8243; global_colors_info=&#8221;{}&#8221; theme_builder_area=&#8221;post_content&#8221; sticky_enabled=&#8221;0&#8243;][\/et_pb_image][\/et_pb_column][et_pb_column type=&#8221;1_4&#8243; theme_builder_area=&#8221;post_content&#8221;][et_pb_image src=&#8221;https:\/\/www.szentistvanajka.hu\/iskola\/wp-content\/uploads\/sites\/2\/2023\/10\/okoiskola2.jpg&#8221; title_text=&#8221;\u00f6koiskola2&#8243; _builder_version=&#8221;4.22.2&#8243; _module_preset=&#8221;default&#8221; hover_enabled=&#8221;0&#8243; global_colors_info=&#8221;{}&#8221; theme_builder_area=&#8221;post_content&#8221; sticky_enabled=&#8221;0&#8243;][\/et_pb_image][et_pb_image src=&#8221;https:\/\/www.szentistvanajka.hu\/iskola\/wp-content\/uploads\/sites\/2\/2023\/10\/okoiskola3.jpg&#8221; title_text=&#8221;\u00f6koiskola3&#8243; _builder_version=&#8221;4.22.2&#8243; _module_preset=&#8221;default&#8221; hover_enabled=&#8221;0&#8243; global_colors_info=&#8221;{}&#8221; theme_builder_area=&#8221;post_content&#8221; sticky_enabled=&#8221;0&#8243;][\/et_pb_image][\/et_pb_column][\/et_pb_section]<\/p>\n","protected":false},"excerpt":{"rendered":"<p>Iskol\u00e1nk els\u0151 alkalommal ny\u00fajtott be p\u00e1ly\u00e1zatot a Bel\u00fcgyminiszt\u00e9rium \u00e1ltal meghirdetett \u00d6koiskola c\u00edm elnyer\u00e9s\u00e9re. A p\u00e1ly\u00e1zat c\u00e9lja azon int\u00e9zm\u00e9nyek elismer\u00e9se \u00d6koiskola c\u00edmmel, melyek eg\u00e9szint\u00e9zm\u00e9nyes m\u00f3don foglalkoznak a fenntarthat\u00f3s\u00e1ggal. A beny\u00fajtott p\u00e1ly\u00e1zatokat a BM K\u00f6znevel\u00e9si Tartalomfejleszt\u00e9si F\u0151oszt\u00e1lya \u00e9s az \u00d6koiskola \u00c9rt\u00e9kel\u0151 Bizotts\u00e1g \u00e9rt\u00e9keli, \u00e9s tesz javaslatot a c\u00edm oda\u00edt\u00e9l\u00e9s\u00e9r\u0151l. A javaslatok alapj\u00e1n a k\u00f6znevel\u00e9si \u00e1llamtitk\u00e1r d\u00f6nt a [&hellip;]<\/p>\n","protected":false},"author":1,"featured_media":0,"parent":351,"menu_order":0,"comment_status":"closed","ping_status":"closed","template":"","meta":{"_et_pb_use_builder":"on","_et_pb_old_content":"","_et_gb_content_width":"","footnotes":""},"_links":{"self":[{"href":"https:\/\/www.szentistvanajka.hu\/iskola\/wp-json\/wp\/v2\/pages\/356"}],"collection":[{"href":"https:\/\/www.szentistvanajka.hu\/iskola\/wp-json\/wp\/v2\/pages"}],"about":[{"href":"https:\/\/www.szentistvanajka.hu\/iskola\/wp-json\/wp\/v2\/types\/page"}],"author":[{"embeddable":true,"href":"https:\/\/www.szentistvanajka.hu\/iskola\/wp-json\/wp\/v2\/users\/1"}],"replies":[{"embeddable":true,"href":"https:\/\/www.szentistvanajka.hu\/iskola\/wp-json\/wp\/v2\/comments?post=356"}],"version-history":[{"count":5,"href":"https:\/\/www.szentistvanajka.hu\/iskola\/wp-json\/wp\/v2\/pages\/356\/revisions"}],"predecessor-version":[{"id":369,"href":"https:\/\/www.szentistvanajka.hu\/iskola\/wp-json\/wp\/v2\/pages\/356\/revisions\/369"}],"up":[{"embeddable":true,"href":"https:\/\/www.szentistvanajka.hu\/iskola\/wp-json\/wp\/v2\/pages\/351"}],"wp:attachment":[{"href":"https:\/\/www.szentistvanajka.hu\/iskola\/wp-json\/wp\/v2\/media?parent=356"}],"curies":[{"name":"wp","href":"https:\/\/api.w.org\/{rel}","templated":true}]}}

Ökoiskola

<p>[et_pb_section fb_built=&#8221;1&#8243; fullwidth=&#8221;on&#8221; admin_label=&#8221;Header Section&#8221; _builder_version=&#8221;4.22.2&#8243; background_image=&#8221;https://www.szentistvanajka.hu/iskola/wp-content/uploads/sites/2/2023/09/suli-banner-4-scaled.jpg&#8221; top_divider_style=&#8221;clouds2&#8243; top_divider_color=&#8221;rgba(255,255,255,0.3)&#8221; top_divider_height=&#8221;100%&#8221; bottom_divider_height=&#8221;30px&#8221; global_colors_info=&#8221;{}&#8221;][et_pb_fullwidth_header title=&#8221;Ökoiskola&#8221; text_orientation=&#8221;center&#8221; _builder_version=&#8221;4.22.2&#8243; title_level=&#8221;h2&#8243; title_font=&#8221;Rubik|700||on|||||&#8221; title_text_color=&#8221;gcid-3e5434d2-d04b-4c23-ad4b-c99b69dfdd61&#8243; title_font_size=&#8221;50px&#8221; title_letter_spacing=&#8221;5px&#8221; title_line_height=&#8221;2em&#8221; content_font=&#8221;Rubik||||||||&#8221; content_font_size=&#8221;18px&#8221; content_line_height=&#8221;2em&#8221; subhead_font=&#8221;Rubik|700|||||||&#8221; subhead_text_color=&#8221;rgba(0,0,0,0.8)&#8221; subhead_font_size=&#8221;50px&#8221; subhead_line_height=&#8221;1.4em&#8221; background_color=&#8221;rgba(255,255,255,0)&#8221; use_background_color_gradient=&#8221;on&#8221; background_color_gradient_stops=&#8221;rgba(255,255,255,0.7) 0%|#ffffff 100%&#8221; background_color_gradient_start=&#8221;rgba(255,255,255,0.7)&#8221; background_color_gradient_end=&#8221;#ffffff&#8221; background_size=&#8221;contain&#8221; background_position=&#8221;bottom_center&#8221; custom_button_one=&#8221;on&#8221; button_one_text_size=&#8221;16px&#8221; button_one_text_color=&#8221;#ffffff&#8221; button_one_bg_color=&#8221;#ff7355&#8243; button_one_border_width=&#8221;15px&#8221; button_one_border_color=&#8221;rgba(210,159,104,0)&#8221; button_one_border_radius=&#8221;100px&#8221; button_one_letter_spacing=&#8221;0px&#8221; button_one_font=&#8221;Rubik|700|||||||&#8221; button_one_use_icon=&#8221;off&#8221; custom_button_two=&#8221;on&#8221; button_two_text_size=&#8221;16px&#8221; button_two_text_color=&#8221;#ffffff&#8221; button_two_bg_color=&#8221;rgba(0,0,0,0.6)&#8221; button_two_border_width=&#8221;15px&#8221; button_two_border_color=&#8221;rgba(210,159,104,0)&#8221; button_two_border_radius=&#8221;100px&#8221; button_two_letter_spacing=&#8221;0px&#8221; button_two_font=&#8221;Rubik|700|||||||&#8221; button_two_use_icon=&#8221;off&#8221; background_layout=&#8221;light&#8221; custom_margin=&#8221;|||&#8221; custom_padding=&#8221;8vw||4vw|&#8221; animation_style=&#8221;slide&#8221; animation_direction=&#8221;bottom&#8221; animation_intensity_slide=&#8221;1%&#8221; subhead_font_size_tablet=&#8221;&#8221; subhead_font_size_phone=&#8221;30px&#8221; subhead_font_size_last_edited=&#8221;on|phone&#8221; button_one_border_radius_hover=&#8221;100px&#8221; button_two_border_radius_hover=&#8221;100px&#8221; button_one_bg_color_hover=&#8221;#ff8a70&#8243; button_two_bg_color_hover=&#8221;#ff8a70&#8243; global_colors_info=&#8221;{%22gcid-3e5434d2-d04b-4c23-ad4b-c99b69dfdd61%22:%91%22title_text_color%22%93}&#8221; button_one_text_size__hover_enabled=&#8221;off&#8221; button_two_text_size__hover_enabled=&#8221;off&#8221; button_one_text_color__hover_enabled=&#8221;off&#8221; button_two_text_color__hover_enabled=&#8221;off&#8221; button_one_border_width__hover_enabled=&#8221;off&#8221; button_two_border_width__hover_enabled=&#8221;off&#8221; button_one_border_color__hover_enabled=&#8221;off&#8221; button_two_border_color__hover_enabled=&#8221;off&#8221; button_one_border_radius__hover_enabled=&#8221;on&#8221; button_one_border_radius__hover=&#8221;100px&#8221; button_two_border_radius__hover_enabled=&#8221;on&#8221; button_two_border_radius__hover=&#8221;100px&#8221; button_one_letter_spacing__hover_enabled=&#8221;off&#8221; button_two_letter_spacing__hover_enabled=&#8221;off&#8221; button_one_bg_color__hover_enabled=&#8221;on&#8221; button_one_bg_color__hover=&#8221;#ff8a70&#8243; button_two_bg_color__hover_enabled=&#8221;on&#8221; button_two_bg_color__hover=&#8221;#ff8a70&#8243;][/et_pb_fullwidth_header][/et_pb_section][et_pb_section fb_built=&#8221;1&#8243; theme_builder_area=&#8221;post_content&#8221; specialty=&#8221;on&#8221; _builder_version=&#8221;4.22.2&#8243; _module_preset=&#8221;default&#8221;][et_pb_column type=&#8221;1_2&#8243; specialty_columns=&#8221;2&#8243; theme_builder_area=&#8221;post_content&#8221;][et_pb_row_inner _builder_version=&#8221;4.22.2&#8243; _module_preset=&#8221;default&#8221; theme_builder_area=&#8221;post_content&#8221;][et_pb_column_inner saved_specialty_column_type=&#8221;1_2&#8243; _builder_version=&#8221;4.22.2&#8243; _module_preset=&#8221;default&#8221; theme_builder_area=&#8221;post_content&#8221;][et_pb_text _builder_version=&#8221;4.22.2&#8243; _module_preset=&#8221;default&#8221; hover_enabled=&#8221;0&#8243; global_colors_info=&#8221;{}&#8221; theme_builder_area=&#8221;post_content&#8221; sticky_enabled=&#8221;0&#8243;]</p>
<p style="line-height: 18.0pt; background: white; margin: 0cm 0cm 18.0pt 0cm;"><span style="font-family: 'Arial',sans-serif; color: #4a474b;">Iskolánk első alkalommal nyújtott be pályázatot a Belügyminisztérium által meghirdetett Ökoiskola cím elnyerésére.<o:p></o:p></span></p>
<p style="line-height: 18.0pt; background: white; margin: 0cm 0cm 18.0pt 0cm;"><span style="font-family: 'Arial',sans-serif; color: #4a474b;">A pályázat célja azon intézmények elismerése Ökoiskola címmel, melyek egészintézményes módon foglalkoznak a fenntarthatósággal. A benyújtott pályázatokat a BM Köznevelési Tartalomfejlesztési Főosztálya és az Ökoiskola Értékelő Bizottság értékeli, és tesz javaslatot a cím odaítéléséről. A javaslatok alapján a köznevelési államtitkár dönt a címekről.<o:p></o:p></span></p>
<p style="line-height: 18.0pt; background: white; margin: 0cm 0cm 18.0pt 0cm;"><span style="font-family: 'Arial',sans-serif; color: #4a474b;">Iskolánk májusban értesült a jó hírről: mi is a nyertes pályázók közé tartozunk, így szeptember 1-jétől jogosultak vagyunk az Ökoiskola cím alkalmazására, logó használatára, illetve a Magyarországi Ökoiskola Hálózat tagjává váltunk.<o:p></o:p></span></p>
<p style="line-height: 18.0pt; background: white; margin: 0cm 0cm 18.0pt 0cm;"><span style="font-family: 'Arial',sans-serif; color: #4a474b;">Az ünnepélyes címátadó az ELTE Lágymányosi Campusán került megrendezésre<o:p></o:p></span></p>
<p style="line-height: 18.0pt; background: white; margin: 0cm 0cm 18.0pt 0cm;"><span style="font-family: 'Arial',sans-serif; color: #4a474b;">Az oklevelet Rieder András igazgató és Riederné Fenyvesi Bernadett, a pályázat írója vette át 2023. június 9-én.<o:p></o:p></span></p>
<p>[/et_pb_text][/et_pb_column_inner][/et_pb_row_inner][/et_pb_column][et_pb_column type=&#8221;1_4&#8243; theme_builder_area=&#8221;post_content&#8221;][et_pb_image src=&#8221;https://www.szentistvanajka.hu/iskola/wp-content/uploads/sites/2/2023/10/okoiskola_logo.png&#8221; title_text=&#8221;okoiskola_logo&#8221; _builder_version=&#8221;4.22.2&#8243; _module_preset=&#8221;default&#8221; hover_enabled=&#8221;0&#8243; global_colors_info=&#8221;{}&#8221; theme_builder_area=&#8221;post_content&#8221; sticky_enabled=&#8221;0&#8243;][/et_pb_image][et_pb_image src=&#8221;https://www.szentistvanajka.hu/iskola/wp-content/uploads/sites/2/2023/10/okoiskola1.jpg&#8221; title_text=&#8221;ökoiskola1&#8243; _builder_version=&#8221;4.22.2&#8243; _module_preset=&#8221;default&#8221; hover_enabled=&#8221;0&#8243; global_colors_info=&#8221;{}&#8221; theme_builder_area=&#8221;post_content&#8221; sticky_enabled=&#8221;0&#8243;][/et_pb_image][et_pb_image src=&#8221;https://www.szentistvanajka.hu/iskola/wp-content/uploads/sites/2/2023/10/okoiskola4.jpg&#8221; title_text=&#8221;ökoiskola4&#8243; _builder_version=&#8221;4.22.2&#8243; _module_preset=&#8221;default&#8221; hover_enabled=&#8221;0&#8243; global_colors_info=&#8221;{}&#8221; theme_builder_area=&#8221;post_content&#8221; sticky_enabled=&#8221;0&#8243;][/et_pb_image][/et_pb_column][et_pb_column type=&#8221;1_4&#8243; theme_builder_area=&#8221;post_content&#8221;][et_pb_image src=&#8221;https://www.szentistvanajka.hu/iskola/wp-content/uploads/sites/2/2023/10/okoiskola2.jpg&#8221; title_text=&#8221;ökoiskola2&#8243; _builder_version=&#8221;4.22.2&#8243; _module_preset=&#8221;default&#8221; hover_enabled=&#8221;0&#8243; global_colors_info=&#8221;{}&#8221; theme_builder_area=&#8221;post_content&#8221; sticky_enabled=&#8221;0&#8243;][/et_pb_image][et_pb_image src=&#8221;https://www.szentistvanajka.hu/iskola/wp-content/uploads/sites/2/2023/10/okoiskola3.jpg&#8221; title_text=&#8221;ökoiskola3&#8243; _builder_version=&#8221;4.22.2&#8243; _module_preset=&#8221;default&#8221; hover_enabled=&#8221;0&#8243; global_colors_info=&#8221;{}&#8221; theme_builder_area=&#8221;post_content&#8221; sticky_enabled=&#8221;0&#8243;][/et_pb_image][/et_pb_column][/et_pb_section]</p>

<p>Iskolánk első alkalommal nyújtott be pályázatot a Belügyminisztérium által meghirdetett Ökoiskola cím elnyerésére. A pályázat célja azon intézmények elismerése Ökoiskola címmel, melyek egészintézményes módon foglalkoznak a fenntarthatósággal. A benyújtott pályázatokat a BM Köznevelési Tartalomfejlesztési Főosztálya és az Ökoiskola Értékelő Bizottság értékeli, és tesz javaslatot a cím odaítéléséről. A javaslatok alapján a köznevelési államtitkár dönt a [&hellip;]</p>
